is the remainder when 96 is divided by 51?
45
Calculate the remainder when 103 is divided by 26.
25
What is the remainder when 219 is divided by 44?
43
Calculate the remainder when 142 is divided by 29.
26
What is the remainder when 843 is divided by 239?
126
Calculate the remainder when 767 is divided by 5.
2
What is the remainder when 541 is divided by 102?
31
What is the remainder when 415 is divided by 75?
40
Calculate the remainder when 10855 is divided by 184.
183
What is the remainder when 502 is divided by 42?
40
Calculate the remainder when 3299 is divided by 132.
131
What is the remainder when 304 is divided by 61?
60
What is the remainder when 1523 is divided by 138?
5
Calculate the remainder when 153 is divided by 53.
47
Calculate the remainder when 280 is divided by 73.
61
What is the remainder when 131 is divided by 49?
33
What is the remainder when 779 is divided by 39?
38
Calculate the remainder when 9 is divided by 9.
0
What is the remainder when 1300 is divided by 59?
2
What is the remainder when 14473 is divided by 11?
8
What is the remainder when 753 is divided by 749?
4
Calculate the remainder when 41 is divided by 15.
11
Calculate the remainder when 3519 is divided by 20.
19
What is the remainder when 4739 is divided by 66?
53
Calculate the remainder when 229 is divided by 8.
5
What is the remainder when 1978 is divided by 18?
16
Calculate the remainder when 98 is divided by 10.
8
Calculate the remainder when 130 is divided by 94.
36
What is the remainder when 157 is divided by 3?
1
Calculate the remainder when 5117 is divided by 183.
176
Calculate the remainder when 26 is divided by 10.
6
What is the remainder when 293 is divided by 60?
53
Calculate the remainder when 169 is divided by 35.
29
Calculate the remainder when 249 is divided by 7.
4
Calculate the remainder when 1762 is divided by 26.
20
Calculate the remainder when 145 is divided by 119.
26
What is the remainder when 571 is divided by 7?
4
What is the remainder when 38 is divided by 8?
6
What is the remainder when 335 is divided by 210?
125
Calculate the remainder when 62 is divided by 15.
2
Calculate the remainder when 920 is divided by 25.
20
Calculate the remainder when 215 is divided by 12.
11
What is the remainder when 18085 is divided by 76?
73
What is the remainder when 322 is divided by 7?
0
What is the remainder when 7546 is divided by 102?
100
Calculate the remainder when 4079 is divided by 8.
7
What is the remainder when 78 is divided by 40?
38
What is the remainder when 32 is divided by 4?
0
What is the remainder when 2311 is divided by 2302?
9
What is the remainder when 3146 is divided by 63?
59
What is the remainder when 381 is divided by 16?
13
Calculate the remainder when 447 is divided by 64.
63
Calculate the remainder when 4142 is divided by 1379.
5
What is the remainder when 640 is divided by 92?
88
Calculate the remainder when 65 is divided by 48.
17
Calculate the remainder when 74 is divided by 30.
14
Calculate the remainder when 273 is divided by 40.
33
What is the remainder when 368 is divided by 60?
8
Calculate the remainder when 1274 is divided by 134.
68
Calculate the remainder when 79 is divided by 43.
36
Calculate the remainder when 576 is divided by 34.
32
What is the remainder when 5976 is divided by 1193?
11
What is the remainder when 85 is divided by 37?
11
Calculate the remainder when 176 is divided by 89.
87
Calculate the remainder when 8439 is divided by 134.
131
What is the remainder when 1854 is divided by 132?
6
What is the remainder when 111 is divided by 7?
6
Calculate the remainder when 295 is divided by 27.
25
What is the remainder when 257 is divided by 65?
62
What is the remainder when 312 is divided by 164?
148
Calculate the remainder when 57 is divided by 33.
24
Calculate the remainder when 26126 is divided by 390.
386
What is the remainder when 11176 is divided by 51?
7
Calculate the remainder when 91 is divided by 25.
16
What is the remainder when 303 is divided by 14?
9
What is the remainder when 655 is divided by 19?
9
What is the remainder when 843 is divided by 5?
3
What is the remainder when 41 is divided by 25?
16
What is the remainder when 10988 is divided by 29?
26
Calculate the remainder when 281 is divided by 134.
13
Calculate the remainder when 668 is divided by 40.
28
What is the remainder when 190 is divided by 148?
42
Calculate the remainder when 139 is divided by 132.
7
Calculate the remainder when 1873 is divided by 14.
11
Calculate the remainder when 181 is divided by 160.
21
Calculate the remainder when 2460 is divided by 137.
131
Calculate the remainder when 524 is divided by 384.
140
What is the remainder when 139 is divided by 7?
6
What is the remainder when 20 is divided by 8?
4
Calculate the remainder when 40 is divided by 10.
0
Calculate the remainder when 280 is divided by 43.
22
Calculate the remainder when 503 is divided by 28.
27
Calculate the remainder when 278 is divided by 35.
33
Calculate the remainder when 8796 is divided by 88.
84
What is the remainder when 356 is divided by 51?
50
Calculate the remainder when 186 is divided by 48.
42
Calculate the remainder when 1567 is divided by 16.
15
What is the remainder when 9 is divided by 4?
1
Calculate the remainder when 63 is divided by 43.
20
What is the remainder when 1516 is divided by 190?
186
What is the remainder when 714 is divided by 68?
34
Calculate the remainder when 769 is divided by 376.
17
What is the remainder when 1238 is divided by 616?
6
Calculate the remainder when 52 is divided by 9.
7
What is the remainder when 684 is divided by 320?
44
What is the remainder when 715 is divided by 255?
205
Calculate the remainder when 115 is divided by 30.
25
What is the remainder when 969 is divided by 13?
7
Calculate the remainder when 565 is divided by 7.
5
What is the remainder when 132 is divided by 47?
38
Calculate the remainder when 1976 is divided by 11.
7
What is the remainder when 679 is divided by 11?
8
What is the remainder when 481 is divided by 22?
19
What is the remainder when 487 is divided by 43?
14
Calculate the remainder when 190 is divided by 4.
2
What is the remainder when 483 is divided by 66?
21
What is the remainder when 138 is divided by 20?
18
What is the remainder when 50 is divided by 7?
1
What is the remainder when 2308 is divided by 17?
13
Calculate the remainder when 192 is divided by 12.
0
Calculate the remainder when 330 is divided by 48.
42
Calculate the remainder when 9447 is divided by 270.
267
What is the remainder when 261 is divided by 3?
0
Calculate the remainder when 1050 is divided by 49.
21
Calculate the remainder when 3887 is divided by 36.
35
What is the remainder when 25 is divided by 17?
8
Calculate the remainder when 1438 is divided by 353.
26
What is the remainder when 753 is divided by 64?
49
Calculate the remainder when 331 is divided by 157.
17
Calculate the remainder when 3006 is divided by 16.
14
Calculate the remainder when 380 is divided by 21.
2
What is the remainder when 1078 is divided by 84?
70
What is the remainder when 231 is divided by 47?
43
Calculate the remainder when 260 is divided by 11.
7
Calculate the remainder when 675 is divided by 314.
47
What is the remainder when 1108 is divided by 37?
35
What is the remainder when 251 is divided by 17?
13
Calculate the remainder when 74 is divided by 15.
14
Calculate the remainder when 262 is divided by 167.
95
What is the remainder when 127 is divided by 62?
3
What is the remainder when 770 is divided by 60?
50
Calculate the remainder when 1625 is divided by 165.
140
What is the remainder when 161 is divided by 69?
23
Calculate the remainder when 128 is divided by 47.
34
Calculate the remainder when 9925 is divided by 136.
133
Calculate the remainder when 46 is divided by 12.
10
Calculate the remainder when 68 is divided by 7.
5
What is the remainder when 117 is divided by 59?
58
Calculate the remainder when 134 is divided by 49.
36
Calculate the remainder when 320 is divided by 46.
44
Calculate the remainder when 4023 is divided by 998.
31
What is the remainder when 537 is divided by 20?
17
What is the remainder when 98 is divided by 60?
38
Calculate the remainder when 238 is divided by 82.
74
What is the remainder wh